-y + q, -6 = y - 3*q. Suppose -15 = -y*k, 6*k + 700 = 5*f + 9*k. Is f a multiple of 13?
False
Let c(v) = -2*v**3 + 45*v**2 - 18*v - 19. Let m be c(22). Suppose -71*j + m*j = -762. Does 55 divide j?
False
Let j(y) = -9*y - 2. Suppose 3*w = 7*w + 8. Let u be (-17 - -16) + (-1 + w)*1. Is 17 a factor of j(u)?
True
Let f(i) = -137*i + 130. Let d be f(-6). Suppose 268 = 2*p - 2*r - d, 3*p + r = 1830. Is p a multiple of 8?
False
Suppose 2*f - 48 = -4*y, -4*y + 3*f - 2*f + 36 = 0. Let b be 48/80 - (294/y)/(-1). Is 25 a factor of 700/13 - b/(-195)?
False
Let y(v) = 3*v**3 + v**2 + v - 1. Let b be y(1). Suppose 4 - 56 = -b*r. Suppose -2*q + 2 = 2*z + 2*q, 5*z = -2*q + r. Is 3 a factor of z?
True
Suppose 4*p - 530*c - 8758 = -529*c, -3*p + 6591 = 3*c. Is p a multiple of 4?
False
Let v(c) = c**3 + 7*c**2 + 6*c - 1. Let t be v(-6). Let a be -3 + (t + 1 - -5). Is a/(-6) - (-5950)/30 a multiple of 35?
False
Suppose -3*o - 4*k = 0, 5*o - 29 = -9*k + 12*k. Suppose o*h - 8*x + 7*x - 2756 = 0, 4*h + 3*x = 2772. Is h a multiple of 30?
True
Let u(a) = 2*a**2 + 60*a - 36. Does 27 divide u(21)?
True
Suppose 48 = 4*u - b, u + 0*b = 4*b - 3. Suppose -7*i - u = -20. Let a = i - -119. Is a a multiple of 10?
True
Let b(z) = 4*z**2 - 9*z - 2. Let w(q) = q**2 + 3*q - 12. Let v be w(-4). Is 59 a factor of b(v)?
False
Let s(z) = -5*z**3 - 13*z**2 - 237*z + 9. Does 7 divide s(-10)?
False
Suppose 5*f = 3*a - 11164, 4*f + 2135 = 3*a - 9030. Is a a multiple of 67?
False
Let o be (-2378)/10 + 17/(-85). Let w = -97 - o. Is 12 a factor of w?
False
Suppose -3401 = 38*p - 19*p. Let o = 381 - p. Is 24 a factor of o?
False
Let j = -9392 - -10491. Does 99 divide j?
False
Let i = -1334 - 48. Is (-50)/325 - 2/(52/i) a multiple of 2?
False
Does 13 divide 651/14*13/((-351)/(-900))?
False
Suppose -s - 4*j = -1424, -5*s - 5*j - 912 = -8092. Suppose 7*w = 5*w + d + 960, s = 3*w + 5*d. Does 12 divide w?
True
Suppose -4*b + 8520 + 4178 = -h, -2*h + 12704 = 4*b. Suppose -7*m = -2*m - 4*g - b, 4*m = -3*g + 2571. Is 29 a factor of m?
False
Let t(j) = -8*j + 36. Suppose 6*o = -0*o - 48. Let k be -7 + -5 + 2 + 5 + o. Does 20 divide t(k)?
True
Suppose d - 10667 = -r, d - 121*r = -120*r + 10671. Does 227 divide d?
True
Let a = -5196 - -7013. Is a a multiple of 56?
False
Let n(v) = 3*v**2 + 23*v - 158. Does 36 divide n(-23)?
True
Let w be 1/(4/(-6) + 1). Let a be 2/(-2) + 1 + 0. Suppose -w*m + a*m - 2*p + 88 = 0, 0 = -2*m + 5*p + 27. Is 4 a factor of m?
False
Let y = 4 - -29. Suppose -y = 4*s - 45. Suppose 2*q + 2 = 0, -t - s*q = -34 + 3. Does 18 divide t?
False
Let a = -48 - -56. Suppose -a*s + 11 = -21. Suppose 2*b = s, 3*b = -8*m + 5*m + 342. Does 28 divide m?
True
Let x be 97*(-4 - -3)*-1. Let p = -95 + x. Suppose 5*l - 54 = p*l. Is 13 a factor of l?
False
Suppose -583 = -4*b - 4*x + 393, -3*x - 508 = -2*b. Suppose -b*a = -253*a + 5670. Is 14 a factor of a?
True
Let m(t) = -t**3 + 19*t**2 + 68*t + 27. Let j be m(23). Let f = j + 1537. Is 22 a factor of f?
True
Suppose 0 = 41736*m - 41738*m + 8352. Is m a multiple of 72?
True
Let w be 1*29 - (1 - (-3 - -3)). Let n be 9/21 + 11*4/w. Suppose -5*s + n*j - 122 = -639, 0 = -3*j + 12. Is 15 a factor of s?
True
Let t(d) = -d**3 - 18*d**2 + 18*d - 11. Let x be t(-19). Let g = 8 - x. Suppose g = -5*s + 7*s - 48. Does 9 divide s?
False
Let n = -692 - -463. Let s = -15 - n. Is 20 a factor of s?
False
Suppose -475*r + 500*r = 271475. Is 8 a factor of r?
False
Suppose 26*m - 75 = 21*m. Suppose 0 = -5*f, m + 106 = n - 5*f. Suppose n = 2*r + 49. Is r a multiple of 4?
True
Let c(j) = 10*j**3 + 4*j**2 - 10*j - 6. Let l be c(4). Let m = l + -209. Is m a multiple of 19?
False
Let u(b) = -3*b**2 - 6*b - 56. Let o be u(15). Let n = o - -996. Is n a multiple of 3?
False
Suppose 63335 = 5*h - 2*f, -10*f = 3*h - 7*f - 38001. Is 239 a factor of h?
True
Suppose 0 = -4*d + 5*n + 20219, -n = -2*d + 9771 + 334. Does 124 divide d?
False
Suppose y = -2*a + 14, 6*y = 4*a + y. Suppose -2*w = 2*u - 188, 0*u = u - 5*w - 100. Suppose -a*h + u + 145 = 0. Does 8 divide h?
True
Suppose 0 = -4*q - 20 + 24. Let k(i) = -2*i**2. Let u be k(q). Let v(a) = -13*a + 6. Is 16 a factor of v(u)?
True
Let k = 21351 - 12950. Is k a multiple of 6?
False
Let t(o) = 5*o**2 + 133*o - 1348. Is t(56) a multiple of 180?
True
Suppose 0 = 3*w - l - 5698, 18 = -5*l - 2. Suppose p = -5*x + w - 740, -2*p + 3*x + 2290 = 0. Is p a multiple of 10?
False
Let c = 8040 + -3120. Is 20 a factor of c?
True
Let l(v) = 6*v**2 + 2*v - 3. Let j be l(1). Suppose 164 = j*n + 24. Suppose 4*g - 8 - n = 0. Does 2 divide g?
False
Let m(w) = 36*w - 6. Suppose -2*t - 2*v = -3*v - 5, 3*v - 9 = 0. Suppose t*k - 5 = -k. Is 8 a factor of m(k)?
False
Let g(y) = -101*y - 2. Let n = -13 + 9. Let i be g(n). Suppose 5*u = -4*q + 353 + 272, -3*q = -3*u + i. Is 43 a factor of u?
True
Suppose g = 4*i + 6895, -g + 12*i - 16*i = -6895. Is g a multiple of 64?
False
Suppose -p - 3*m = 77, -6*m - 353 = 4*p - 3*m. Does 46 divide 4*p*(-28 - -27)?
True
Suppose -3*z = 5*s - 22631, -2*s = 13*z - 8*z - 37712. Is 18 a factor of z?
True
Let l = 17816 + -10493. Does 3 divide l?
True
Let x be (-144)/(-36) + -2*1. Let q(o) = 82*o**2 - 6*o + 11. Does 8 divide q(x)?
False
Suppose 3*b + 45 = -0*s - s, 90 = -2*s + b. Let o be s/(-4) - (-1)/(-4). Let c(q) = -q + 27. Is 5 a factor of c(o)?
False
Let u(x) = 3*x**2 - 24*x + 19. Let l be u(7). Is 15 a factor of (3675/5)/(3 + l)?
True
Suppose -4*w - 3*j - 5 = -20, 4*j - 16 = -4*w. Let y be -6 - (12/3 - w). Is 28 a factor of (-609)/y - (5 - 2)?
True
Suppose -j - 5*c = -c - 7, 0 = j - c - 2. Suppose -9*w = -4*w + j*o - 1305, 2*o = 2*w - 538. Is 12 a factor of w?
True
Suppose 599 - 607 = 4*r, -v + 348 = -4*r. Is v even?
True
Suppose 0 = -4*v - l - 583, l + 3*l + 127 = -v. Does 18 divide 2/(-2) + -3 - (4 + v)?
False
Suppose 2*y - 2 = 0, 3*m + y - 14714 + 3181 = 0. Suppose 10*n - m = 3906. Is 31 a factor of n?
True
Is 7/((-15*5/(-200))/177) a multiple of 14?
True
Let v(m) = 132*m**2 + 3*m - 110. Does 21 divide v(-10)?
False
Suppose -s - 4*m + 82 = 0, -2*s + 188 = -m + 3*m. Let w = -103 + s. Is (-20)/(-100) - 399/w a multiple of 16?
True
Let r(m) = 32*m + 52. Let s be r(-10). Let f = s + 840. Is 13 a factor of f?
True
Let y = -1237 + 1622. Is y a multiple of 24?
False
Suppose 13*n - 1020 = 2178. Suppose 15*j = 369 + n. Is j even?
False
Let z(b) = -b**3 + 31*b**2 - 46*b + 89. Is 2 a factor of z(29)?
False
Let q(f) = f**2 - 12*f + 478. Let z be q(0). Let k = -378 + z. Does 41 divide k?
False
Suppose k + 658 = 1321. Does 17 divide k?
True
Suppose -8302 - 25168 = -4*f - 5*h, h = -5*f + 41848. Suppose -15*k - f = -46*k. Is 27 a factor of k?
True
Suppose 3*w - 72 = w + 2*q, -3 = q. Let h = 239 + -198. Let n = h - w. Is n a multiple of 4?
True
Let q = -167 + 97. Let w be ((-28)/q)/((-2)/(-10)). Suppose 439 = 5*c - 2*c + 4*d, 292 = 2*c + w*d. Is 38 a factor of c?
False
Let n = -37 + -34. Let w = n - -108. Suppose 3*g - 6*g - b = -w, g + 3*b - 7 = 0. Is g a multiple of 12?
False
Let w(n) = n**2 - 6*n + 12. Let g be w(2). Suppose 3*c - h = 11, 2 = 3*c + h - 5. Suppose -c*t - g*p = -6*p - 284, -4 = -2*p. Is t a multiple of 24?
True
Let m = 1254 + 1091. Is 9 a factor of m?
False
Suppose 2*m - 478 = 2*d, 3*m = -d + 599 + 130. Let c = m - -28. Suppose 3*a = a + c. Does 20 divide a?
False
Let f = -3618 - -3934. Is f a multiple of 2?
True
Is ((-42)/15)/(1/43380*-9) a multiple of 28?
True
Let n(u) = -u - 11. Let m be n(3). Let p be -329 - (m - -2)/3. Let y = -221 - p. Does 13 divide y?
True
Let s(n) = 22*n - 40. Let w be (-309)/(-2) - (-5)/(10/(-3)). Let h = -149 + w. Is s(h) even?
True
Suppose 23*b + 9729 = 26*b. Suppose -6*j + 1035 = -b. Suppose o = -4*o + 2*k + j, 2*o - 2*k = 284. Is 13 a factor of o?
True
Let s = -952 + 5673. Is 12 a factor of s?
False
Does 7 divide (-54417)/(-12) - (3*(-22)/8 - -8)?
False
Let l be 4/6*(34 + 551). Let b = l - 320. Is b a multiple of 14?
True
Let n(w) be the third derivative of w**4/6 + 151*w**3/3 - 23*w**2. Let c be n(0). Suppose 0*q + 4*q = 4*l + 256, l = -5*q + c. Is 20 a factor of q?
False
Suppose 38*v - 33*v + 48440 = 40*v. Is v a multiple of 45?
False
Suppose 0*x - 25*x = 66500. Let s = x + 4071. Is s a multiple of 23?
False
Let r(j) = -3168*j - 34. Is 31 a factor of r(-4)?
False
Let f(w) be the 